ate b(3).
-5
Let l(h) = -6*h**2 + h. Suppose 4*f + 5*a - 11 = 0, 4*f = 5*f - a + 4. Calculate l(f).
-7
Let s(r) be the third derivative of -r**4/12 + 5*r**3/6 - 35*r**2. Suppose 0*u - 10 = -2*u. Give s(u).
-5
Let r(f) = 2*f + 0*f - 21*f**2 + 21*f**2 + 8*f**2 - 1. Let y = 1 + 0. Calculate r(y).
9
Let n be (4 + -3)/(2/8). Suppose 3*a + 8 = o + 3*o, 4*a = -n*o - 20. Let y(v) = v**2 + 4*v + 4. Give y(a).
4
Let t(g) = 16*g - 9. Let r(m) = -3*m + 2. Let z(w) = -11*r(w) - 2*t(w). Suppose 6*c - 3 = 9. Give z(c).
-2
Suppose 3*w - 3 = -9. Let f(g) be the third derivative of -g**5/30 - g**4/8 - g**3/2 - 11*g**2. What is f(w)?
-5
Let d(f) = -4*f**3 + 5*f**2 - 14. Let a(z) = -3*z**3 + 4*z**2 - 13. Let x(r) = 5*a(r) - 4*d(r). Let m = 6 - 6. Calculate x(m).
-9
Let d(x) be the third derivative of -x**5/20 + x**4/24 + x**3/6 - 2*x**2. What is d(2)?
-9
Let d(c) be the second derivative of c**4/12 - c**3/2 + c**2/2 - c. Let r be (-3 - (-3 - 1)) + 1. Determine d(r).
-1
Let h(k) = k**2 + 11*k + 13. Let v(c) = c**2 + 10*c + 12. Let q(o) = -4*h(o) + 5*v(o). Give q(-6).
8
Let s(v) = -v + 1. Let x(l) = -2*l**2 - 7*l + 7. Let w(c) = c**2 + 7*c - 6. Let n(o) = -4*w(o) - 3*x(o). Let d(m) = -n(m) + 3*s(m). Calculate d(3).
-6
Let z(j) be the first derivative of j**3/3 + 4*j**2 - 7*j + 5. Let y be z(-9). Let o(u) = 2*u**2 - 3*u + 2. Calculate o(y).
4
Let x(c) = -7*c + 3*c - 1 - c + 3*c. Give x(-3).
5
Let m = 0 - -4. Let t(h) = -h**2 + 3*h + 5. Calculate t(m).
1
Let r(z) = 5*z - 4. Let u be r(4). Suppose -u = -4*l + y, -2 = -2*l + y + 6. Let j(q) = -3*q**2 + 4*q**2 + 7 - 1 - 7*q. What is j(l)?
-6
Let k(p) = -p - 5. Let h be k(-7). Let b(q) = 2*q**2 + h*q**3 - 7*q**2 - q + 5*q**2. Give b(1).
1
Let q(z) = z + 1. Let b = -9 + 14. Suppose 3*j + j + 24 = b*m, 0 = 2*m. Determine q(j).
-5
Let l(f) = -f**2 + 11*f + 2. Let y be l(11). Let w(h) = -y*h + 2 - 4 - h**2 + 0. Let d(o) = -o**3 - 2*o**2 + 5*o + 2. Let c be d(-3). Calculate w(c).
-10
Let t(c) = -c**3 - 5*c**2 + 6. Let s = 6 - 11. Give t(s).
6
Let k(j) = j - 7. Let i be (-442)/(-78) + ((-1)/(-3))/1. Calculate k(i).
-1
Let m(f) be the third derivative of -f**9/60480 - f**8/20160 + f**7/5040 - f**6/180 + f**5/60 + f**2. Let d(z) be the third derivative of m(z). Determine d(0).
-4
Let m(k) = k - 10. Let t be m(5). Let b = t + 8. Let q(w) = w**b - 3*w**3 + w**3 + 5*w**2. Calculate q(5).
0
Let v = 8 + -7. Let m(q) = -5*q - q - q**3 + 2*q**3 - 4*q**2 + v. Determine m(5).
-4
Suppose -10 + 2 = 2*d. Suppose -5*q + 9 = -2*q. Let a(r) = 2*r - r**3 - 2 + q*r**2 + 3*r - 6*r**2. What is a(d)?
-6
Let c(x) = x**3 - 7*x**2 - 5*x - 19. Let k be c(8). Let r(s) = s**2 + s. Determine r(k).
30
Let p(u) = -10*u**3 + 7*u**2 + 3*u + 9. Let b(v) = -7*v**3 + 5*v**2 + 2*v + 6. Let y(i) = -7*b(i) + 5*p(i). What is y(0)?
3
Let f(m) be the first derivative of 0*m + 1/2*m**2 + 1. Let b = -6 - -10. What is f(b)?
4
Let v(z) = -4*z + 22. Let p be v(7). Let s(j) be the third derivative of j**6/120 + j**5/10 + j**4/24 - 5*j**3/6 + 2*j**2. Calculate s(p).
-11
Let x(l) = 11*l**2 - 5*l. Let i = -4 + 10. Suppose 2*z - 20 = 10. Let d(a) = -5*a**2 + 2*a. Let h(f) = i*x(f) + z*d(f). What is h(1)?
-9
Let u(b) = b**2 - 9*b - 2. Let w be u(9). Let q(n) = 2*n**3 + 2*n**2 + 2*n + 1. Calculate q(w).
-11
Suppose -16 = -y + 3*y. Let q = -12 - y. Let k(r) = r**2 + 4*r - 1. Determine k(q).
-1
Let g(f) = -f**2 - 8*f. Let t be g(-5). Suppose t = -4*y - 5. Let q(o) = -o**3 - 4*o**2 + 6*o - 5. Determine q(y).
-10
Let s(m) = m**3 + 3*m**2 - m + 5. Suppose 0*l + l + 12 = 0. Let c(z) = z**2 + z + 2. Let k be c(-3). Let w = k + l. Give s(w).
-7
Let o(m) = m**3 - 11*m**2 - 26*m - 5. Let l be o(13). Let a(u) = -u**2 - 3*u - 6. Calculate a(l).
-16
Let h(z) = -4 - 4*z + 5 + 3*z. Let w = 29 - 24. Determine h(w).
-4
Suppose -4*v + 3*m + 0*m + 47 = 0, -2*m - 34 = -3*v. Suppose 3*f - f = -2*x - v, -16 = -f + 3*x. Let y(i) = -3*i**3 + 2*i**2 - i. Give y(f).
-2
Let r(f) be the first derivative of f**6/180 - f**5/60 - f**4/8 - f**3/3 + 3. Let q(n) be the third derivative of r(n). Calculate q(3).
9
Suppose 0 = 4*q + 12 + 8. Let o(m) = 1 + 2*m + 2*m - 3*m. Let s be o(q). Let g(k) = k**2 + 3*k - 2. What is g(s)?
2
Suppose 4*o - 4 = -4*s, -2*o = -5*o - 3. Suppose 0*i = i - 3. Let t(x) = -5*x + x**i + 2*x**2 - x**s + 6*x. Calculate t(-2).
-6
Let q(r) = -5. Let m(s) = s - 1. Let p be 4/(-6) + (-10)/30. Let a(f) = p*q(f) + 4*m(f). Give a(-1).
-3
Let w(f) = f**2 + 3*f - 5. Let b be (4 + 28/(-8))*-16. Let a be (-18)/5 - b/(-20). What is w(a)?
-1
Let r(m) = -m**2 - 7*m - 4. Suppose 3*i = -12 - 9. What is r(i)?
-4
Let w(s) be the third derivative of -s**6/120 + s**5/12 + s**4/3 - 7*s**3/6 + s**2. Determine w(6).
5
Let o be (-18)/(-8) - (-8)/(-32). Let w(x) = 6*x - 2*x + 4 - 8*x - x**o. Give w(-3).
7
Let r(h) be the first derivative of h**4/4 + 3*h**2 + 3. Let l(w) be the second derivative of r(w). Calculate l(1).
6
Let h(z) = -2*z**2 + 3*z - 7*z**3 + 7*z**2 + 6*z**3 + 2 - z**2. Let a = -3 - -8. Give h(a).
-8
Let i = -10 - -16. Let q(y) = 2 - y**2 - 5 - 3 - i*y. Give q(-4).
2
Let t be 2/(-4) + (-2)/4. Let l(d) = -3*d + 3*d - 5*d - 1 + 4*d. Calculate l(t).
0
Let a(o) = o**3 - 5*o**2 + 4. Suppose -n - 5 = -2*n. Suppose 5*s + 3*h = -2*h - n, -s - 10 = 4*h. Suppose -v = -s*v + 5. Determine a(v).
4
Let r(d) = -d**2 + 5*d + 5. Let u be r(6). Let h(q) = 0*q - q - 2*q**2 + 8*q**3 - 16*q**3. Calculate h(u).
7
Let r(b) be the second derivative of b**3 + 4*b - 1/3*b**4 + 7/2*b**2 + 0 - 1/20*b**5. Give r(-5).
2
Suppose -7 = -x - 2. Let q(c) = -3*c**3 - 2*c**2 + 6*c + 1. Let p(h) = -4*h**3 - 3*h**2 + 7*h + 1. Let j(z) = x*q(z) - 4*p(z). Determine j(-1).
0
Let p(i) be the third derivative of i**9/60480 - i**8/6720 - i**7/1680 + i**6/720 + i**5/60 + i**2. Let l(f) be the third derivative of p(f). What is l(3)?
-8
Let a(w) = 2*w - 15. Let b be a(9). Let g(o) = -o**3 + 4*o**2 - 2*o - 4. Give g(b).
-1
Let j be ((-2)/(-3))/((-2)/9). Let m(c) = -c**3 + 6*c**2 + c - 2. Let x be m(6). Let g(w) = 2 - 4*w - w**2 - x - 2. Give g(j).
-1
Suppose -2*n - 4 + 12 = 0, 5*g - 17 = -3*n. Let h(z) = 14*z - 1. Calculate h(g).
13
Let x be (-14)/(-12) - (-6 + 7). Let l(f) be the second derivative of 0 + x*f**4 - 1/2*f**2 - 2*f + 1/3*f**3. What is l(1)?
3
Let t(l) = l**2 - 6*l - 2. Let w be t(7). Let p(m) = -m**3 + 6*m**2 - 6*m + 2. Give p(w).
-3
Let u(q) be the first derivative of -q**3/3 - q**2 + 2*q - 3. Determine u(2).
-6
Let l(w) = -w**3 + 5*w**2 + 7*w - 3. Suppose -y - x = 3*x + 10, 3*y - 2*x - 26 = 0. What is l(y)?
3
Let z(d) be the second derivative of 1/6*d**4 - 1/2*d**3 - 1/20*d**5 - 7*d + 0 + 0*d**2. Give z(2).
-6
Let s(y) = 0*y - 3*y - 7 + 0. Suppose 2*p - 4 = -2*p + 2*q, -q = 3*p - 13. Let w = p - 8. Give s(w).
8
Let z(a) be the third derivative of a**8/6720 - a**7/840 - a**6/360 - a**5/24 + a**4/12 - 4*a**2. Let l(j) be the second derivative of z(j). Determine l(4).
3
Let o(x) be the third derivative of -x**5/10 + x**4/24 - x**2. Let q be o(1). Let v be q/3 - (-4)/(-12). Let i(m) = -2*m**2 - 3*m - 3. Give i(v).
-5
Let d(i) = i**3 - 2*i**2 - 2*i + 2. Suppose -2*b + 10 = -6. Let r = b + -5. Calculate d(r).
5
Let k be 2/(6/9) + -1. Let c = 3 - k. Let g(o) = -o**2 + 5*o - 5. Let f(i) = -4*i + 4. Let l(v) = -4*f(v) - 3*g(v). Calculate l(c).
3
Suppose 3*b + 2*v = b, -15 = -4*b - v. Let u(w) = 9*w - w**2 + 2*w - 5*w + 2. Give u(b).
7
Let n(a) = -4*a**2 + 2*a - 3. Let y be -4 - 1 - 0 - -7. What is n(y)?
-15
Let n(x) be the first derivative of x**4/4 - 5*x**3/3 + 3*x**2/2 + 2*x - 6. Give n(3).
-7
Let f(c) = -c**3 + 8*c**2 + 10*c - 12. Let s = 59 - 50. Determine f(s).
-3
Let d(m) = -2*m - 1. Let r(h) = -h**3 - h**2 + h. Let b be r(-3). Suppose 3*t - 5*l - 10 = 0, -l - 3*l = -t + b. Determine d(t).
9
Let w(s) = s**3 - 6*s**2 + 4*s - 4. Suppose 0*n + 15 = 3*n. Calculate w(n).
-9
Let o = 2 - 9. Let f(l) = 2*l**2 + 10*l - l + 3 - 2*l - l**2. Determine f(o).
3
Let j(z) = -z - 5. Let n be j(5). Let p be 2/n - 9/5. Let s(i) = -2*i**2 - 2*i. Determine s(p).
-4
Let v(c) be the first derivative of -c**2 + 5*c - 239. Let f(r) = -3*r - 6. Let q be f(-4). What is v(q)?
-7
Let c(z) = z**3 - 3*z**2 - z + 3. Let j be c(3). Let o(a) be the second derivative of 0 - 1/2*a**2 + j*a**3 + 2*a + 1/3*a**4. What is o(1)?
3
Let w(t) = -t**3 + t**2 - t + 1. Let a(i)